g(c) = -6*c - 68. Suppose -86 = -5*p + 3*i, 3*i = 1 + 8. Calculate the remainder when p is divided by g(-13).
9
Suppose 0 = 4*k + 5*h - 46, 0*k - 4*h = 5*k - 53. What is the remainder when 17 is divided by k?
8
Suppose -2*l + 8 = 2*l. What is the remainder when (5 + -9)*-7*l is divided by 15?
11
Let j(v) = 14*v - 31. Calculate the remainder when 43 is divided by j(3).
10
Let o = 1 - -2. Let i(v) = -v**3 + 4*v**2 - 2*v + 3. Calculate the remainder when 17 is divided by i(o).
5
Let j = 25 + -16. What is the remainder when 15 is divided by j?
6
Let u = 3 - -20. Let h(w) = 13*w. Calculate the remainder when u is divided by h(1).
10
Let t = -31 - -49. Let o(g) = -2*g**2 + 28*g + 21. What is the remainder when o(12) is divided by t?
15
Let t(z) = 2*z**2 + 6*z + 12. What is the remainder when t(-6) is divided by 10?
8
Suppose -5*i + 4*g + 149 = 0, -5*i + 2*g + g = -148. Calculate the remainder when i is divided by (-12)/(-2)*(-4)/(-3).
5
Suppose -2*o + 3 = -w + 15, 4*w = 2*o + 30. Let n = 4 + 5. Calculate the remainder when n is divided by w.
3
Suppose 0 = -2*u - y + 43, 5*u - 5*y + 24 = 154. Suppose 0 = -n - u + 64. What is the remainder when n is divided by 14?
13
Suppose 0*a + 3*a = 66. What is the remainder when 986/a + 10/55 is divided by 12?
9
Suppose -2*y + 36 = -y. Calculate the remainder when (7/(-3) + 3)*y is divided by 9.
6
Suppose 14 = -4*w + 34. Suppose -j + 5*j - w*y = 37, -5*y - 34 = -3*j. Suppose -21 = j*t - 6*t. Calculate the remainder when 12 is divided by t.
5
Suppose -3*c = -3*l - 18, -2*c - l + 4*l = -11. What is the remainder when 26 is divided by c?
5
Calculate the remainder when 4 is divided by ((-9)/27)/(2/(-12)).
0
Suppose -2*m = 2*t - 3*t + 20, 4*t - 116 = -m. Suppose 2*n - t = z, 2*n - 4*z = -0*n + 22. What is the remainder when (n/(-3))/((-1)/7) is divided by 12?
11
Suppose 0*h - 110 = -5*h. Calculate the remainder when h is divided by (-148)/(-18) - 22/99.
6
Let k be (-1)/3*(1 - 13). Let d(g) = 4*g**2 - 2*g + 5. What is the remainder when d(k) is divided by 16?
13
Suppose 0 = -2*z + 2*k + 12 + 22, 2*z - k = 31. Let b = -6 - -10. Suppose b*q + 135 = 9*q. Calculate the remainder when q is divided by z.
13
Let t = 75 + -13. What is the remainder when t is divided by 22?
18
Let b(c) = -33*c**3 + 3*c + 2. Calculate the remainder when 61 is divided by b(-1).
29
Let q(h) = -11*h + 1. Let c(z) = -z**2 + 4*z + 9. Let f be c(6). What is the remainder when 65 is divided by q(f)?
31
Let p(u) = -4*u - 9. Suppose -h = 3*y - 2*h - 26, h - 22 = -3*y. What is the remainder when p(-8) is divided by y?
7
Let d = -50 - -56. Let v(c) = -c - 1. Calculate the remainder when d is divided by v(-5).
2
Let k = 62 + -43. Let h(d) = -d**3 + 8*d**2 - 7*d + 7. What is the remainder when k is divided by h(7)?
5
Suppose -5*p = -0*p - 15. Let n be (-2)/6 - (-244)/p. Let z = n - 26. Calculate the remainder when z is divided by 19.
17
What is the remainder when ((-8)/(-32))/((-1)/(-244)) is divided by 32?
29
Let t(y) = y**3 + 6*y**2 - 5. Let u be t(-6). Let c(f) = f**3 + 5*f**2 - 4*f - 5. Let b = 15 + 28. Calculate the remainder when b is divided by c(u).
13
Let d = 95 + -34. What is the remainder when 178 is divided by d?
56
Suppose 0 = -5*g + g + 12. Suppose -5*m = -g*m - 30. Calculate the remainder when m is divided by 8.
7
Let i(r) = 15*r + 4. Let w = -16 + 19. Suppose 35 = -4*v - m + 105, 72 = 4*v + 2*m. What is the remainder when i(w) is divided by v?
15
Let z = -28 - -50. What is the remainder when 82 is divided by z?
16
Let f = 85 - 58. Calculate the remainder when 104 is divided by f.
23
Let f = 8 - -2. Calculate the remainder when (-260)/25*f/(-4) is divided by -2 + 17 - (1 - 0).
12
Suppose 4*s + 10 = -4*a + 86, -91 = -5*a - 3*s. Calculate the remainder when 57 is divided by a.
6
Let q = -1 + 16. Calculate the remainder when 26 is divided by q.
11
Let h(s) = -5 + 2*s + 2 - 2. Calculate the remainder when 8 is divided by h(5).
3
Suppose 4*l + 0*t + 4*t + 4 = 0, 5*t = 3*l - 37. Calculate the remainder when 11 is divided by l.
3
Let u(b) = -11*b**3 - 2*b**2 - b. Let h(a) = a**3 + 7*a**2 - 1. Let q be h(-7). Calculate the remainder when 28 is divided by u(q).
8
Let s = -15 - -97. Calculate the remainder when s is divided by 28.
26
Let g be 3 + 236 + 2 + -1. Calculate the remainder when (-1)/(g/(-236) + 1) is divided by (9 - -1)*(-6)/(-4).
14
Suppose 4*f = 4, 2*r + 5*f = -0*r + 23. Let p = 59 - 43. What is the remainder when p is divided by r?
7
Let o = 186 + -173. Suppose -3*d - 20 = -7*d. Suppose m - d*v + 5 = 0, 11 = 2*m + 3*v - 5. Calculate the remainder when o is divided by m.
3
Let b(z) = z - 3. Let d be b(3). Let x(f) = -f**2 + 4. Let q = 2 - -8. Calculate the remainder when q is divided by x(d).
2
Let y(l) = l**2 - 5*l + 2. Let t be y(5). Let q be t/(-5) - 24/(-10). Suppose u = 2, -q*j + 11 = u - 1. Calculate the remainder when j is divided by 2.
1
Suppose 4*p = o - 3, 3*p + 2*p = -4*o + 12. What is the remainder when 11 is divided by o?
2
Let d = 7 + -15. Let y = -7 + 4. Calculate the remainder when d/(2 + y + -1) is divided by 2.
0
Let d(v) = 2*v + 3. Let g(m) = -m - 3. Let y(a) = 3*d(a) + 4*g(a). Suppose 3 = n + 1. Calculate the remainder when n is divided by y(2).
0
Suppose -5*d + 20 + 115 = 0. Suppose -4*z - 5*g + 66 = 0, 3*z + g - 10 = 34. Calculate the remainder when d is divided by z.
13
Let h = -50 + 58. What is the remainder when 28 is divided by h?
4
Calculate the remainder when 21 is divided by (-71)/(-6) + 2/12.
9
Let f = 3 + -9. Let m(z) = z**3 + 7*z**2 + 6*z + 2. Calculate the remainder when 2 is divided by m(f).
0
Suppose 5*n = -15, 4*h + n = 4*n + 21. Suppose 3*c + 2*s = -2*s + 1, 0 = c - 3*s - 9. Calculate the remainder when c is divided by h.
0
Suppose 0 = -0*q - q + 3, 0 = -3*a + 4*q - 3. Suppose 0 = -2*m - 0*m + 22. What is the remainder when -21*a/(-4 + 1) is divided by m?
10
Suppose 4*o - 2604 = 4*i, 2*o - 656 = o - 4*i. What is the remainder when 2/(-10) - o/(-10) is divided by 17?
14
Suppose 2*p - 6*p = 4*y - 24, -2*y + 5*p = 23. What is the remainder when 1 is divided by y?
0
Suppose 11 = m + 4*x, 5*m - 4*x - 101 = -22. Calculate the remainder when 29 is divided by m.
14
Let b(s) = 2*s + 4. What is the remainder when 63 is divided by b(6)?
15
Let l be 3 - ((-6)/(-3) + 15). Calculate the remainder when 22 is divided by (-74)/(-6) - l/(-42).
10
Suppose 150 = i + i. Suppose 3*n - 45 = -3*w, -12 + 95 = 5*n + 3*w. Calculate the remainder when i is divided by n.
18
Suppose -3*y + 26 = -y - 4*t, 0 = 3*y - 2*t - 23. Calculate the remainder when 11 is divided by y.
1
Suppose -5*c + 55 = -h + 3*h, 3*h = c + 74. What is the remainder when 97 is divided by h?
22
Let p = 4 + -2. Suppose -p*w - 4*a + 38 = 0, -2*w + 5*a = -3 - 17. Calculate the remainder when 28 is divided by w.
13
Suppose -21 = -f + r, f + 12 = 3*f + 4*r. What is the remainder when 158 is divided by f?
14
Suppose 4*f + i - 140 = -13, -3*f + i = -97. Calculate the remainder when (2 - -29)*6/3 is divided by f.
30
Let c(u) = u**3 - u**2 - 2*u + 26. What is the remainder when 46 is divided by c(0)?
20
Let m be (-4)/(3 + -2 - 2). What is the remainder when 21 is divided by (-291)/(-27) - m/(-18)?
10
Suppose -20 = 4*q, -t + 6*q = 8*q - 1. Calculate the remainder when 38 is divided by t.
5
Let p(o) = o**3 + 9*o**2 - 13*o - 10. Calculate the remainder when 32 is divided by p(-10).
12
Suppose f - 6 = -f. Suppose 0*c = -c - 11. Let v = -7 - c. Calculate the remainder when v is divided by f.
1
Let g(f) = -7*f**2 + 8 + 2*f - f**2 - 7*f**3 + 6*f**3. Let d be g(-8). Let o(n) = n**3 + 7*n**2 - 9*n + 3. What is the remainder when 20 is divided by o(d)?
9
Let n be (-36)/27*6/(-4). Suppose -n*r + 24 = r. What is the remainder when 29 is divided by r?
5
Suppose 0 = 3*k - 7 - 44. What is the remainder when 83 is divided by k?
15
Let p be 6/10 - 874/(-10). What is the remainder when (-20)/8*p/(-10) is divided by 12?
10
Let l be 6/27 + (-68)/(-18). Let v(s) = l - 4 - 2*s**2 + 2 + 9*s**2 + s**3 + 5*s. Calculate the remainder when 23 is divided by v(-6).
7
Let t(x) be the first derivative of 10*x**3/3 + x + 2. Let d be t(-1). Suppose -d - 24 = -5*k. Calculate the remainder when 20 is divided by k.
6
Suppose -5*t - 22 = -7*t. Calculate the remainder when 54 is divided by t.
10
Let h b